ainder when h is divided by 90.
80
Let x be -29 - 4/(-12)*0. Let s be -2 + 3 + x + 4. Let h = 41 + s. What is the remainder when 48 is divided by h?
14
Suppose s + 1 = 2*r, 7*s = -4*r + 12*s - 7. Calculate the remainder when r is divided by 6/8 + (-2)/(-8).
0
Let f = 543 + -152. What is the remainder when f is divided by 28?
27
Let z be 4*(10 - (1 - -4)). Suppose -4*k - 28 = -4*j, 2*k = -0*k + 4*j - 8. What is the remainder when 39 is divided by (k/5)/((-2)/z)?
19
Calculate the remainder when 133 is divided by (-9)/(-12) + 483/12.
10
Suppose f = 5*g - 20 - 27, 3*f = -5*g + 39. Calculate the remainder when 1483 is divided by g.
7
What is the remainder when ((-5)/4)/((-3)/456) is divided by 48?
46
Suppose 2*c + 230 = 26. Let z = 178 + c. Calculate the remainder when z is divided by 39.
37
Let a = -120 + 131. Let j(z) = z**2 - z + 96. Let k be j(0). Suppose 4*i - 4*c = k, -2*i + 6*i - 5*c = 100. What is the remainder when i is divided by a?
9
Let w = -5 - 7. Let q = w - -11. Let a(s) = -28*s**3 + s**2 + 2*s + 1. What is the remainder when 82 is divided by a(q)?
26
Suppose 4*x - 170 = -4*g + 74, -3*x + 173 = g. Suppose 0*r - 62 = -4*r - 2*l, 0 = 2*r + 5*l - 35. What is the remainder when x is divided by r?
11
Suppose -2*f = -80 - 10. Let p = 579 - 571. Calculate the remainder when (-2)/(-1)*f/2 is divided by p.
5
Let g = -15944 + 15955. Let w(k) = k**2 - 2*k + 1. What is the remainder when w(5) is divided by g?
5
Suppose -4*h = 2*p + 12, -6*p = -p - 5*h - 15. Suppose 0*c + 3*c - 18 = p. Let r = c + 1. Calculate the remainder when r is divided by 4.
3
Suppose 5*v + 4*z = 80, 5*z - 8 = v + 5. Let j = 6 + -3. Calculate the remainder when v is divided by (j - 5)*7/(-2).
5
Let i(x) = -x**2 - 5*x + 11. Let w(c) = 1. Let a(h) = i(h) - 6*w(h). Calculate the remainder when 9 is divided by a(-5).
4
Let x(b) = b**2 + 14*b - 40. What is the remainder when 74 is divided by x(-17)?
8
Suppose -3*x + 97 + 158 = 0. What is the remainder when x is divided by 13?
7
Let v(c) = 3*c + 4. Let n be v(-16). Let d = 51 + n. Calculate the remainder when 12 is divided by d.
5
Let l(u) = u**3 + 5*u**2 - 10*u - 1. Let r(i) = -i**3 + 4*i**2 + 4*i + 1. Let m be r(5). What is the remainder when l(m) is divided by 19?
17
Let q be (-392)/(4/(-1))*-2. Suppose i = 4 + 4. Calculate the remainder when 50 is divided by 6/i - q/16.
11
Suppose 5*j + 4 = 29. Suppose j*y - 10 = 0, -3*y + 4 - 2 = -2*v. Suppose v*k + 0*k - 12 = 0. What is the remainder when k is divided by 3?
0
Let n = 1381 + -1340. Suppose -2*h = -18 - 4. Calculate the remainder when n is divided by h.
8
Let v(j) = -18*j**3 + 3*j**2 - j - 4. What is the remainder when v(-2) is divided by 41?
31
Suppose -24 = -3*i - i. Let t(g) = -g**3 + 10*g**2 + 13*g + 1. Let k be t(11). Let p = k - i. Calculate the remainder when p is divided by 6.
5
Let f = -9 - -12. Suppose -f*l + 0*l + 90 = 0. What is the remainder when 58 is divided by l?
28
Let p be -126*((-54)/(-4))/9. Calculate the remainder when (-64)/6*p/36 is divided by 20.
16
Let x = -23 + 131. Suppose -624 = -4*c - x. What is the remainder when c is divided by 33?
30
Let h(m) = 49*m**2 + m - 3. Let n(b) = -b**3 - 5*b**2 - 3*b + 5. Let p be n(-4). What is the remainder when h(p) is divided by 18?
11
Let u = 1 - -8. Let n(j) = -6*j - 13. What is the remainder when n(-5) is divided by u?
8
Suppose 5*q + 0*q - 170 = 0. Calculate the remainder when 172 - (7 + 4 - 6) is divided by q.
31
Suppose 0 = w - 2*o, 6 = 2*w + 3*w - 4*o. Let u be w*(-2)/(1 - 3). Suppose 102 = q + u*q. Calculate the remainder when q is divided by 12.
10
Suppose -5*u - 27 = -0*q - 2*q, 3*u + 58 = 5*q. Suppose -208 = -31*h + 381. What is the remainder when h is divided by q?
8
Suppose l + 2*t - 289 = 0, -9*t - 277 = -l - 7*t. What is the remainder when l is divided by 19?
17
Suppose 2*f = 4*f. Suppose -4*y + 6 = -2*h + y, 0 = 5*h - 3*y - 4. Calculate the remainder when 17 is divided by (-1 + f)*h - -12.
7
Let r(k) = 54*k**2 + 323*k + 6. Calculate the remainder when 417 is divided by r(-6).
9
Calculate the remainder when 241 is divided by 11 - (-6 - 3 - 21).
36
Suppose -3*s = -4*s + 69. Let n be (0 - 0) + -4 + 51. Let p = s - n. What is the remainder when p is divided by 8?
6
Let l(q) = -37*q + 4. What is the remainder when l(-5) is divided by 60?
9
Let y(v) = v**3 + v**2 + 4*v - 87. Suppose -4*j - 20 = 0, -3 - 24 = -2*s + 3*j. Let k = s - -9. What is the remainder when k is divided by y(4)?
6
Let p(c) = -5*c + 156. What is the remainder when 197 is divided by p(20)?
29
Let m(w) = -7*w + 2. Let q(l) = -8*l + 1. Let s(x) = 7*m(x) - 6*q(x). Let i be s(5). What is the remainder when i - (1 + -1 + -19) is divided by 8?
6
Let d be 86 - (2 - -4)/3. Suppose 0 = 4*l - 4*o - d, l - 2*o - 23 = -2. Calculate the remainder when 61 is divided by l.
19
Suppose 0 = -10*s + 6*s + 512. Let o = -119 + s. Calculate the remainder when 49 is divided by o.
4
Suppose 4*j - 2236 = 2*b, -5*b + 4*j - 3*j - 5545 = 0. Let r = 436 + b. What is the remainder when 53 is divided by (-6)/(-21) - r/49?
11
Suppose 0 = 33*i - 6*i - 336 - 1959. What is the remainder when i is divided by (-2 + 4)*(0 + 11)?
19
Let z be (-66)/(-4)*4/(-3). Let l = z + 33. Suppose 10 = 3*c - l. Calculate the remainder when c is divided by 2.
1
Let o(b) = 4*b**2 - b - 10. What is the remainder when 57 is divided by o(3)?
11
Let y be 2 + 7/((-21)/(-9)). Suppose 3*a = -4*r + 35, -y*a + 30 = 3*r - 2*r. Calculate the remainder when 44 is divided by a.
4
Suppose -10*w = -w - 27. Suppose w*b + 3 = 0, -4*g + 7*g - 5*b = 116. What is the remainder when g is divided by 19?
18
Calculate the remainder when 83 is divided by (533/52 + (-1)/4)/2.
3
Let c(j) = -j - 10. Let v be c(-11). Suppose 0 = -5*h - v + 16. Suppose h*k = 2*k + 5. What is the remainder when k is divided by 4?
1
Let g(q) = -q + 74. Calculate the remainder when g(20) is divided by 33.
21
Suppose -23*f + 27*f - 12 = 0, -l + 497 = 2*f. What is the remainder when l is divided by 9?
5
Let g be ((-16)/(-12) - -2)*3. Let j = 12 - g. Calculate the remainder when 56/j - 3/(-3) is divided by 10.
9
Let r = 71 - 69. Let h = -2 + 38. Suppose -2*i + 4*c = -h, i = -2*i - r*c + 14. Calculate the remainder when 11 is divided by i.
3
Calculate the remainder when -42*-16*(-6)/(-36) is divided by 29.
25
What is the remainder when (52 - (8 - -1)) + -3 is divided by 33?
7
Let t = 10 + -3. Suppose 37 = 5*l + 2*n, 2*l + 4*n - 30 = t*n. Calculate the remainder when ((-34)/3)/(4/(-12)) is divided by l.
7
Calculate the remainder when 0 + 2 + (-1 - -2) is divided by (-7)/(175/(-30))*45/18.
0
Suppose -616 = -4*c - 2*o - o, 4*c - 644 = 4*o. Suppose 4*j - 54 = 26. What is the remainder when c is divided by j?
17
Let l = -17 + 12. Let t(z) = z**2 + 4*z + 3. What is the remainder when (-9)/(-2)*(-30)/(-9) is divided by t(l)?
7
Suppose 3*p + 11*p - 28 = 0. What is the remainder when 20 is divided by p?
0
Suppose 1224*l - 1229*l + 465 = 0. Calculate the remainder when 554 is divided by l.
89
Let z(l) = -3*l - 17. Let t be z(-7). Suppose -h = -4*n - 9, 8*n - 3*n + 3 = t*h. Let x(g) = -6*g - 9. What is the remainder when x(n) is divided by 5?
4
Suppose -1442 = -6*k - 428. What is the remainder when k is divided by 57?
55
Let c(g) = -2*g + 6 - 14 + 10 + 6*g. Let t be c(-4). Calculate the remainder when 4404/84 + 6/t is divided by 18.
16
Let r(u) = 2*u**2 - 8*u - 4. Let s be 19 + 8/(-12)*6. Let k = 22 - s. Calculate the remainder when r(6) is divided by k.
6
Suppose 0*u = 4*u + 48. Let q be -1*u/(3 + 1). Suppose -q*v + 2*v - 2*d = -12, -4*v + 15 = -3*d. What is the remainder when v is divided by 4?
2
Let p = -101 + 36. Let v = -43 - p. What is the remainder when v is divided by 4?
2
Let b be (-13 - 9)*(1 - (-18 - 1)). Let k = -247 - b. Calculate the remainder when k is divided by 49.
46
Suppose -3*t + 8*t + y = 144, 119 = 4*t - 3*y. What is the remainder when 313 is divided by t?
23
Let k = 72 + -72. Suppose -4*y - 12 = k, -2*j - 23 = -7*j - 4*y. What is the remainder when 10 is divided by j?
3
Suppose -4*s = 0, -p - 2*s = -7*s - 6. Let y be 4/(-2) + 22 - 0. Suppose -p*g = -y - 46. Calculate the remainder when 52 is divided by g.
8
Let u = 74 - 36. Suppose 10*t = 3*t + 70. What is the remainder when u is divided by t?
8
Let o = -8 + 8. Suppose z - 2 =